 2*n + 2*d, 0 = 3*n - 2*d + 19. What is the tens digit of 1*2*(n + 13)?
1
Let i = -10 - -28. What is the units digit of i?
8
Suppose 9*p = 12*p - 102. What is the units digit of p?
4
Let o(k) = -k**2 - 6 - 13*k + 1 - 4 + 2*k. What is the units digit of o(-9)?
9
Let q be (1 + -2)/((-2)/(-12)). Let d = -5 - q. What is the units digit of d?
1
Let g(w) = -6*w - 1. Let l = -11 - -7. What is the units digit of g(l)?
3
Suppose 4*m - 5*u = 39, -2*m + 3*u + 10 + 11 = 0. What is the units digit of m?
6
Let u(n) = -n**2 - n + 1. Let q be u(0). Suppose -l - 2*l - q = r, 4*l = -8. Suppose -11 - 24 = -r*p. What is the units digit of p?
7
Suppose 5*c + 3*y - 572 - 224 = 0, 2*c - 316 = -2*y. What is the units digit of c?
1
Let r(h) = -h**3 + 5*h**2 + h + 1. Let p(v) = 2*v**3 - 9*v**2 - 2*v - 2. Let x(n) = 4*p(n) + 7*r(n). What is the units digit of x(2)?
1
Suppose 0 = 4*u + u + 2*f - 103, -2*u = 5*f - 58. What is the tens digit of u?
1
Let n(q) = -q**2 - 4*q + 7. Let z be n(-5). Let f be z/3*60/8. Suppose -3*r - m + 1 + 15 = 0, -f*r + 45 = -2*m. What is the units digit of r?
7
Let p(d) = -25*d**2 + 12*d - 1. Let c(z) = 6*z**2 - 3*z. Let i(a) = 9*c(a) + 2*p(a). What is the units digit of i(-3)?
3
Let f(j) = j**2 - 6*j - 8. Let n be f(6). Let t(d) = -d - 1. Let k be t(n). Suppose 36 = k*r - 3*r. What is the units digit of r?
9
Suppose -4*s + 30 = s. What is the units digit of (s + -2 + -3)*6?
6
Let m = 76 - -4. What is the units digit of m?
0
Let w = 7 + 4. Suppose 20 = 2*s - 2*m, 4*s = -4*m + w + 61. What is the tens digit of s?
1
Let o(h) = 4*h**2 + 7*h + 3. Let s(a) = a**2 - 1. Let x(n) = -o(n) + 5*s(n). Let d be x(8). Suppose 0 = 3*l - d - 9. What is the units digit of l?
3
Let c(v) = v**2 + 6*v + 5. Let r be c(-7). Suppose x = -x + r. What is the units digit of x?
6
Suppose 5*y + 301 = 4*g, -141 = -3*g - y + 80. What is the tens digit of g?
7
What is the units digit of (-16)/104 + 1016/13?
8
Let h(a) = -3*a - 13 - 3*a + 14. Let r be h(-1). Let f(b) = -b + 12. What is the units digit of f(r)?
5
Suppose 3*v - 2*v = -2. Let y be v/((0 - -2)*1). Let o = y - -9. What is the units digit of o?
8
Suppose -s = -o - 14, -15 = -4*s + s. Let z = o + 15. What is the tens digit of 184/12 - 2/z?
1
Suppose -5*c = -2*a + 47, 5*c - 65 = -5*a - 0*a. Let t be (-3)/(1/1 - 0). What is the units digit of (-3)/2*a/t?
8
Suppose 123 = 4*o - 0*o + 5*w, -5*w = -15. What is the units digit of (-72)/o*6/(-8)?
2
Let v(a) = -2*a - 8. Let k be v(-6). Let q = -4 + k. Let c(f) = -f + 2. What is the units digit of c(q)?
2
Let t = 58 + 69. What is the tens digit of t?
2
Let r be -4 + (-6)/(-3) + -7. Let z = r - -14. Suppose 20 = -z*c + m + 4*m, 2*m - 6 = 4*c. What is the units digit of c?
1
Let b(m) = m**3 + 21*m**2 + 16*m - 8. What is the tens digit of b(-20)?
7
Suppose -25 = 5*b, -4*b = -h - 5*b + 199. Suppose 6*d - h = 6. What is the units digit of d?
5
Suppose -3 = k + 1. What is the tens digit of 1*192/(k - -8)?
4
Let p(j) = 2*j**2 + j + 2. What is the units digit of p(2)?
2
Let p(y) = -y**2 + 14*y - 7. Let u be p(10). What is the tens digit of 4/6 + 1067/u?
3
Let b = 36 + 11. What is the units digit of b?
7
Suppose -19*t + 2964 = -6*t. What is the tens digit of t?
2
Let q = -59 + 98. What is the tens digit of q?
3
What is the tens digit of 40 + 4 + (-2)/1?
4
Suppose 2*b = -0 + 4. Suppose -18 = -4*t - 2*o - o, -2*t + b*o = -2. Suppose 0 = 5*w - 4*h - t - 0, h + 6 = 3*w. What is the units digit of w?
3
Suppose 0 = -5*n - 15, 3*h - 82 = -2*h - n. What is the units digit of h?
7
Let x(s) = -s**2 + 1. Let y be x(3). Let u = y - -21. What is the units digit of (2 + 0)/2*u?
3
Suppose -4*i + 17 = -87. What is the tens digit of i?
2
Suppose 0 = 3*i + 3*m - 30, -4*i + 0*i = -4*m. Suppose -22 + 7 = i*q. What is the units digit of ((-8)/(-12))/((-1)/q)?
2
Suppose 2*b - w - 9 = 0, 4*b + 6*w - 4*w = -2. Suppose -r - 12 = -b*r. What is the tens digit of r?
1
Let x be 16/(-10)*(-10)/4. What is the units digit of (-1 + -2)/((-6)/x)?
2
Let o = -293 - -498. What is the tens digit of o?
0
Let h(i) = 14*i + 4. What is the units digit of h(6)?
8
Let c = 7 - 5. What is the units digit of c?
2
Let f = 77 + -23. What is the units digit of f?
4
Suppose -4*w - 120 = -6*w. What is the tens digit of w?
6
Let s be (-2 - -1) + 1 - 3. Let h = 3 + s. Suppose b - 3*c - 2*c - 16 = h, -2*b + 4*c = -14. What is the units digit of b?
1
Suppose 15 + 5 = 3*b + o, 4*o - 20 = 0. What is the units digit of b?
5
Let o be (-1 - -23)*(-2)/(-1). Suppose 8 = -3*x + o. What is the units digit of x?
2
Let v be 2 + 1 - 315/(-5). Suppose 0*o = 2*t + 5*o - v, 5*t - o - 138 = 0. What is the tens digit of t?
2
Let m be (69/4)/((-12)/(-32)). What is the units digit of 3 - (2 - m)/4?
4
Let h = 139 + -111. What is the units digit of h?
8
Suppose z - 2 = 7. Let c(u) = u**2 - 7*u. What is the units digit of c(z)?
8
Let n = -42 - -136. What is the tens digit of n?
9
Let j(o) = -3*o + 1. Let n(p) = -13*p + 4. Let b(l) = -9*j(l) + 2*n(l). Let g be b(3). What is the units digit of 3 - (1 + (g - 2))?
2
Suppose -4*f + 44 = 4*w, -3*f - 2*w - 48 = -6*f. What is the units digit of f?
4
Let o = -9 - -16. Let p(h) = h**2 - 5*h - 10. What is the units digit of p(o)?
4
Suppose -1235 = -12*z - 35. What is the units digit of z?
0
Let b = -1 + 7. Let s = -1 + b. Suppose -s*g + 1 = -4. What is the units digit of g?
1
Suppose -a - 2*c = -5*a + 22, -5*c = 5. Suppose -y - 1 = a. Let u = -5 - y. What is the units digit of u?
1
Let l be (-3)/(-2)*(-4 - -6). Suppose m - l*m = -16. What is the units digit of m?
8
Let r(v) = -v**2 + 4*v. Let n be 5/(-2)*6/(-5). Let z be r(n). Suppose z*b + 0*b = 33. What is the tens digit of b?
1
Let u(f) = -f**3 + 6*f**2 - f - 6. Let r = 14 - 9. What is the tens digit of u(r)?
1
Let b(o) = -5*o - 4. Let d be b(-9). Let m = d - 21. What is the units digit of m?
0
Let c be 5/(-5)*3/(-1). Suppose -d + 5*l = -11 - 1, -c*d + 16 = 5*l. What is the units digit of d?
7
Let y = 12 - 30. Let o be (6/y)/((-1)/6). What is the units digit of 2 - (-1)/(o/18)?
1
Suppose -5*o + 186 = 4*l, 4*l + 0*o = o + 198. What is the units digit of l?
9
Let z(l) = -l**3 + 5*l**2 + 2*l - 5. Let t be z(5). Let b(a) = 3*a - 4. What is the tens digit of b(t)?
1
Let w = -4 - -10. What is the tens digit of 8 + 4/(8/w)?
1
Let g be 0 + 1 - (2 + -5). Let m = g + -7. What is the units digit of (m/5)/(2/(-30))?
9
Let x = 0 - 0. Suppose -3*c - 2*c + 10 = x. Suppose 2*u - u + 19 = 5*t, 0 = -c*u - 3*t + 27. What is the units digit of u?
6
Let w = 2 + -2. Suppose 2*y - 3*z + 8 = w, 4*z - 8 = 5*y - 2. What is the units digit of (8/y)/(5 - 4)?
4
Suppose -3*f - 286 = -5*f. What is the hundreds digit of f?
1
Let m(l) = -l**2 + 6*l - 2. Let x be m(5). Let d = 12 - x. What is the units digit of d?
9
Let n(m) = -2*m**2 - 39*m + 19. What is the tens digit of n(-17)?
0
Let p = 1001 + -692. What is the tens digit of p?
0
Let k = -21 + 33. Let h = -6 + k. Let u(i) = i - 3. What is the units digit of u(h)?
3
Let b(i) = -i - 2. Let r be b(-6). Let j be (4 - r)*(-2)/4. Suppose j*t - 56 = -4*t. What is the units digit of t?
4
Suppose -4*k + 5*f = 33, -4*f + 2 = 2*k - 14. Let n(q) = -3*q + 2. What is the units digit of n(k)?
8
Suppose -z + 17 = 3*g, 5*z - 3*g - 20 = -5*g. Suppose -z*r + 0*r = -58. What is the units digit of r?
9
Suppose 2*d = -4*d + 546. What is the tens digit of d?
9
Let g be -10*(3 - (3 - -1)). Suppose 49 - g = j. What is the units digit of j?
9
Let f(i) = -75*i - 16. What is the hundreds digit of f(-3)?
2
Let l = 18 - 19. Let t(q) = -10*q. What is the units digit of t(l)?
0
Let r = -25 + 81. What is the tens digit of r?
5
Suppose 11 = 5*l - 3*h, -4*l - h + 1 = -6*h. Let b = 5 - l. Let o = b + 2. What is the units digit of o?
3
Let u be (0 + -3)/(15/(-250)). Suppose 0 = -4*i - i + x + u, 3*i - 38 = -x. Let l = 17 - i. What is the units digit of l?
6
Let c(p) = 11*p + 26. Let j(k) = -2*k + 7. Let q be j(5). Let s(z) = 4*z + 9. Let g(y) = q*c(y) + 8*s(y). What is the units digit of g(-7)?
1
Suppose -h = 4*v + 3, -4*v + 3*v = 5*h - 23. Suppose 4*m = 4*z + 20, -h*m + m + 2*z + 20 = 0. What is the units digit of m?
5
Suppose -2*j + 5*b + 3 = 2*j, -3*b = 9. Let z = -13 + 23. What is the tens digit of z/j*36/(-10)?
1
Suppose 29 = 4*m + m + 3*o, 0 = -5*m + 3*o + 41. What is the 